21) a prime number?
True
Let j = -856 - -860. Suppose 9*t + i = 14*t - 9749, -j*t = i - 7792. Is t a composite number?
False
Let t = -237 + 235. Let a(b) = -348*b**3 - 4*b**2 - 11*b - 13. Is a(t) composite?
False
Let x = -48 + 57. Let c = x + 9. Is ((-7365)/c)/(-1) - (-1)/(-6) a composite number?
False
Let g(d) = 3 - 4*d**3 - 23 - 42*d + 2*d + 5*d**3 + 28*d**2. Is g(-29) prime?
False
Suppose 232*s - 328*s + 3045255 = 377319. Is s composite?
False
Suppose 0 = -4*b - 2*a + 71580, -5*b + 7349 = -2*a - 82144. Is b prime?
False
Suppose 0 = -4*v + 9*v - 16683 - 149752. Is v composite?
False
Let m(n) = 2*n**2 - 4*n - 68. Let z be m(-6). Suppose 32169 - 727717 = -z*b. Is b a composite number?
False
Suppose -6*p - 78 = -246. Let r = p + -31. Is r*1851/(-6)*4/3 composite?
True
Let b(i) be the third derivative of i**6/120 + 7*i**5/60 + i**4/8 + i**3/3 - 3*i**2. Let o be (-52)/10 + (5 - 48/10). Is b(o) a composite number?
False
Suppose -3*i + 20 - 5 = 0. Suppose -693 = i*u - 178. Let g = u - -180. Is g composite?
True
Suppose -3*i + 3 = -3*x, 2*x + 0*i = 3*i - 6. Suppose -x*m = 4*w - 20733, 3*m - 5*w = 20287 + 446. Is m prime?
True
Suppose 2*u = 2*w - 221940, 4*w - 172*u = -169*u + 443873. Is w prime?
False
Let m(y) = 42*y**2 + 58*y + 2103. Is m(65) composite?
True
Suppose 6 = -2*l + 4*p + 2, 4*p = 8. Suppose l*i = w - 6*w + 2333, 5848 = 5*i - 3*w. Suppose -t - 3*t + 928 = 4*x, i = 5*t - 4*x. Is t a composite number?
False
Suppose 8*i = 26*i - 1188. Is (((-9668)/6)/(-2))/(22/i) a composite number?
False
Let n = -37683 - -81224. Is n a composite number?
False
Suppose 41*k + 7*k - 355056 = -0*k. Is k a composite number?
True
Suppose -i = 2*m + 10, 24*m + 1 = 21*m + 2*i. Is (-8)/((-16)/6)*(-2533)/m a composite number?
True
Let n be (-5)/20 + 158/(-8). Let f be (75/n)/((-1)/596). Suppose -f = -5*m + 5*d, -2*d = 2*m + 2*m - 1776. Is m a composite number?
True
Let n = 48 + 824. Let m = 1243 - n. Suppose 4*w = 1895 - m. Is w a prime number?
False
Let x(s) = -s**3 - 5*s**2 + 4*s - 8. Let k be x(-6). Let t be (-726)/1089 + ((-8)/10)/(6/(-25955)). Suppose -t = -k*u - 0*u. Is u a prime number?
False
Let w(y) = 90*y**3 + 8*y**2 + 6*y - 29. Is w(3) a composite number?
True
Let k(p) be the third derivative of p**7/56 + p**6/180 + p**5/30 - 29*p**4/24 + 14*p**2. Let v(q) be the second derivative of k(q). Is v(-3) a composite number?
False
Suppose 0*j + 0*j + 3345219 = 27*j. Is j prime?
False
Let h = -2871 + 6318. Suppose -7407 = -3*r + 4*s - 2224, h = 2*r - s. Is r composite?
False
Is (176/(-32) - -6)*153982 prime?
True
Suppose -26*i + 1996163 = -861246 + 540471. Is i a prime number?
True
Let b(r) = -51*r - 7 - 131*r + 17 - 3. Let t be (-1)/(8/38) + (-8)/32. Is b(t) prime?
False
Suppose -4*q = 30*k - 34*k - 28, 5*k - 5 = -5*q. Is (2 - -3) + (-10284)/k composite?
False
Let q be (6/4 - (5 + -8))*-3302. Let s = -4997 - q. Is s composite?
True
Let d(m) = -8128*m + 6457. Is d(-7) a composite number?
False
Suppose -3*m = 5*h - 76, 17 + 33 = 4*h - 3*m. Suppose -82590 = 8*t - h*t. Is t prime?
False
Let f(t) = -11*t + 25 - 3*t**2 + 13*t - 22*t**2 + 28*t - 2*t**2 + 2*t**3. Is f(14) composite?
False
Let d be 4 - 1 - 4329/(-13). Let k(b) = -d*b**3 + b**2 - 2 - 5*b - b**2 + 2*b. Is k(-1) a composite number?
False
Is 202305*(1/(-9))/((17/(-51))/1) a composite number?
True
Let t(a) = 3*a**2 - 47*a - 757. Is t(45) a prime number?
True
Let o be 8450/(-15)*(-12)/2. Let z = 16187 + o. Is z prime?
False
Let p(v) = v**2 + v - 1. Let l be p(-2). Is 1910348/88 + l/2 a prime number?
False
Suppose 0 = 2*z + 5*d - 1294408, z - 55*d + 56*d - 647195 = 0. Is z a composite number?
False
Let g(c) = c**3 - 20*c**2 + 39720 - 39749 - 3*c**3 - 13*c. Is g(-16) a prime number?
True
Let q = 26 + -22. Let k be 24 - ((-10)/q)/(-5)*0. Is (-32)/k + (-1994)/(-6) composite?
False
Let r = -1598 + -310. Suppose 2*a = f + 2*f + 5401, 2720 = a + 5*f. Let z = r + a. Is z a composite number?
False
Suppose 5*d - 3*d - 26 = -4*j, -4*j - 5*d + 41 = 0. Suppose j*q + 4 = 16. Suppose 0*i + 3*i + q = 0, -5*i + 2968 = 3*y. Is y a prime number?
True
Is -614*(1/3)/((-90)/135) composite?
False
Suppose -18*l + 565645 = -1028022 - 250235. Is l prime?
False
Let u(p) = 14*p - 2. Let t be u(5). Let x = t + -48. Is 4*(1225/x + -3) prime?
True
Let q(w) = -59021*w - 760. Is q(-7) composite?
False
Suppose 3*f + 11*r - 4157 = 15*r, 3*f - 4147 = 2*r. Let m = f + -265. Is m a prime number?
False
Let v be ((-2682)/(-2))/(0 - (-15)/(-20)). Is 159*(0 + 2)*v/(-72) prime?
False
Let t(q) = -q**3 - 8*q**2 + 9*q + 5. Let c be t(-9). Suppose -u - 5 = -c*f + 3*u, 2*u = 10. Suppose 12305 = -f*o + 46200. Is o a prime number?
True
Let v = -186 + 191. Suppose j + 3*x = 2254, v*x = 3*j + 10*x - 6750. Is j a composite number?
True
Suppose 2*c + 2*c = -4*h + 1596, 4*c - 5*h - 1632 = 0. Suppose -5*d = -20168 + c. Is d a prime number?
False
Let m = -44 + 44. Let v be 289 + 1/(-2)*(m + 2). Suppose -t + v = -83. Is t prime?
False
Suppose 8*i - 5*i = -14*i + 40103. Is i composite?
True
Is 26/117 - ((-111598)/9 + -1) prime?
True
Let h(f) = -8362*f**3 + 5*f**2 + 112*f + 326. Is h(-3) a composite number?
False
Suppose -3*w = -3*s + 117753, -67*s - 2*w - 117755 = -70*s. Is s a composite number?
True
Suppose -4*j + p + 201836 = 0, -p - 2*p - 151377 = -3*j. Is j a prime number?
True
Let i = 136 + 7. Let j = 249 - i. Suppose -2*l = -60 - j. Is l composite?
False
Let z be 21405 - -3 - (1 - 1). Suppose 5*u = 5*i - 15795, -5*i + u - 5597 = -z. Is i a prime number?
True
Is 80971585/573*3/5 prime?
True
Suppose 5*w = 2*z - 12 + 1, 0 = -5*z - w + 14. Suppose -5*o + 3*h = -h - 61585, -36914 = -z*o - 5*h. Is o composite?
True
Let s = 157703 + -243625. Is (-26)/(-39) + s/(-6) a composite number?
False
Let s(k) = 23*k**2 - 5*k + 6. Let i be s(1). Suppose -5*q + d - 2*d - i = 0, -3*q - 16 = d. Is 2/(-7) - (48868/(-28) - q) prime?
True
Let c(a) = -a**3 - a**2 - 2*a + 279499. Is c(0) prime?
False
Let p(u) = -32061*u - 173. Is p(-2) prime?
True
Is (-1)/((-5)/269937) - 26/65 prime?
True
Suppose -3690*r + 3703*r = 24750349. Is r prime?
True
Let n(p) = 74624*p**2 - 6*p + 5. Let r be n(1). Suppose 0 = 5*y - 2*w - r, -5*y = -2*y - 2*w - 44777. Is y a composite number?
False
Suppose -h + 4 = 0, -2*z - 3*h = -0*z - 36. Let r(m) = 2*m - 20. Let y be r(z). Suppose -4*p + 4*n + 1324 = 0, 285 = 3*p + y*n - 680. Is p composite?
True
Suppose b - 12439 = -4*i, 28*b - 32*b + 49801 = i. Is b composite?
False
Suppose 6*z = 2*o - 271754, 0 = -27*o + 31*o - 5*z - 543536. Is o prime?
False
Let y(w) = -14*w - 5. Let c = 22 + -26. Let b = c - 12. Is y(b) composite?
True
Let l(c) = 9*c + 24. Let w be l(-2). Is (29644/w)/((-504)/(-81) + -6) a composite number?
True
Suppose 142476 = 2*n - 2*u, 0 = -4*n - 75*u + 78*u + 284947. Is n a prime number?
True
Let t be 30/20*(-1996)/(-6). Suppose 5*x + 104 = t. Is x a composite number?
False
Let r(d) be the third derivative of -d**4/6 + 13*d**3/6 + 39*d**2. Let m be r(4). Is (m - 55/(-15))*381/2 a prime number?
True
Let s(y) = -y**2 + 12*y - 17. Suppose -5 = -i - 5*x, 0 = 4*i + 3*x - 3 - 34. Let t be s(i). Suppose -c = 4*n - 1009, 552 - 3524 = -t*c - n. Is c a prime number?
False
Suppose 127*n = -35*n + 46*n + 28321516. Is n a composite number?
True
Let w be (19 + -17)*(-2)/(-1 - 1). Suppose w*d + 29134 = 9*d. Is d a prime number?
False
Suppose 0 = -3*h + 5*d + 71203, -9 = -3*d + 3. Is h a prime number?
True
Suppose -h - 17 = -20. Suppose -x = h*f - 18, -x - 6 = 2*x - 3*f. Suppose -x*j = j - 1652. Is j a composite number?
True
Let i be 68285/77 - 4/(-22). Suppose 8*l = 30 - 38. Is l/(-5 + 4434/i) a composite number?
False
Let d be 12/20 + 198/45. Suppose 0 = d*x - 44932 - 20383. Is x composite?
False
Let t = -5296 - -18929. Suppose -4*s + 4*w - 3*w = -t, 5 = -w. Is s a composite number?
False
Let d(n) = n**3 - 19*n**2 + 7*n + 14. Let b be d(20). Suppose -b + 80 = -2*i. Suppose a - 166 = i. Is a a prime number?
False
Suppose 2965744 = 50*z - 34*z. Is z a prime number?
True
Suppose 635392 = 4*g + 3*m, 15*g + 794213 = 20*g - 3*m. Is g composite?
True
Let c(m) = 31*m**2 - 9*m - 1413. Is c(85) prime?
True
Let w(l) = 4*l**2 + 9 + 928*l**3 + 2*l - 4*l**2 + 0*l**2 - 1150*l**3. Is w(-2) a composite number?
True
Let x = -4474 - -11421. Is x a prime number?
True
Let r(c) = 